 j?
0
Suppose 5*b + 3 = -3*m, 4*m - 8*m = 5*b + 4. Let d(z) = 6*z**2 + 4*z + 2. Let s be d(-4). Suppose b = -v - v + s. What is the tens digit of v?
4
What is the units digit of 25/(-100) - 5125/(-4)?
1
Suppose -5*j + 5924 = 2384. What is the units digit of j?
8
Suppose -5*g - 1003 = -4738. What is the tens digit of g?
4
Let f(s) = -32*s + 7. Suppose -39*t + 37*t - 10 = 0. What is the units digit of f(t)?
7
Let h(d) = 7*d**2 - 3*d - 8. Let v(f) = f**2 - f + 1. Let c(j) = h(j) + 5*v(j). What is the units digit of c(3)?
1
Suppose 0 = 4*k + k - 25, -4*k - 42 = -2*r. Suppose -4*t = 105 + r. Let a = t - -63. What is the tens digit of a?
2
Let y(g) = 239*g**3 + g. Suppose -5*u + 4 = -u. Let n be y(u). Suppose 4*i - s - 3*s = n, s = -4*i + 225. What is the units digit of i?
7
Let v(s) = s**3 - 3*s**2 + 4*s - 3. Let q be v(3). Suppose 6*h - q*h + 111 = 0. Suppose -3*b + 212 = -h. What is the tens digit of b?
8
Let z = -73 + 22. Let m = -12 - z. What is the units digit of m?
9
Suppose 24*n = -4*r + 22*n + 3292, -5*n = 5*r - 4120. What is the units digit of r?
2
Let n = -5 + 6. Let z(c) = 41*c - 1. Let y be z(n). Suppose 0 = -5*p - 0 + y. What is the units digit of p?
8
Suppose -2*g + 4810 = 2*a, a - 3*g + 1210 - 3635 = 0. What is the units digit of a?
0
Suppose 2*p + 16 = 3*p. Let r = 6 + p. What is the tens digit of r?
2
Let t = -236 + 1086. What is the tens digit of t?
5
Let a(n) = -2*n**3 + 55*n**2 + 40*n - 46. What is the thousands digit of a(27)?
1
Suppose 18*x = 39861 - 9927. What is the thousands digit of x?
1
What is the units digit of (-5432)/(-16)*8/14?
4
Let n = 47 - 42. Suppose 212 = -n*d + 9*d. What is the tens digit of d?
5
Let w = 541 - 234. Suppose 3*u - 236 = 5*y, u = 5*u + y - w. What is the units digit of u?
7
Suppose 3*i + 19 = d, 3*d + 5*i = -d + 42. Suppose 17*o = d*o + 180. What is the units digit of o?
5
Let k(v) = -2*v + 17. Let c be k(9). Let o = c + 23. What is the units digit of o?
2
Suppose 3*u - 4*z = -0*u + 69, -6 = 2*z. Suppose -g = 2*t - u, 17 = -0*g + g + t. What is the units digit of g?
5
Let i(o) = -125*o + 420. Let r(p) = 9*p - 30. Let k(f) = -4*i(f) - 55*r(f). What is the tens digit of k(19)?
6
Let p(w) = 306*w + 230. What is the hundreds digit of p(10)?
2
Let j be (20/15)/((-4)/(-6)). What is the units digit of (j - -33) + (-11 - -10)?
4
Let u(n) = 21*n**2 + n - 1. Let v(o) = o**2 + 21*o + 29. Let d be v(-17). Let m = d + 40. What is the tens digit of u(m)?
2
Let o(i) = -i**3 + 22*i**2 - 7*i - 42. What is the units digit of o(19)?
8
Let y(l) = 36*l**2 + 3*l + 17. What is the hundreds digit of y(5)?
9
Suppose -5671 = 9*s - 19045. What is the units digit of s?
6
Let r be ((-10)/(-8))/((-9)/(-36)). Suppose r - 53 = -4*b. What is the tens digit of b?
1
Suppose 3*c + 0*c - 450 = 0. Suppose b = -4*b + c. What is the tens digit of b?
3
What is the units digit of (-8 + -5)*-7 + 2/(-2)?
0
Let i(h) = -h**3 + 19*h**2 - 34*h - 8. Let s be i(16). Let g = s + -52. What is the units digit of g?
4
Let c be ((-612)/(-24))/(1/2 - 1). What is the tens digit of (-17)/(c/(-2)) + 527/3?
7
What is the hundreds digit of (-1 + -134)/((-2)/6)?
4
Let r(m) = -m**3 - 12*m**2 - 19*m + 17. What is the tens digit of r(-14)?
7
Suppose 8*j = 7992 + 18544. What is the units digit of j?
7
Let i be (18/15)/((-6)/(-855)). Suppose t + 32 = 4*g - i, 5*t = -15. What is the tens digit of g?
5
Let b(n) = -n**2 - 42*n + 30. What is the hundreds digit of b(-24)?
4
Suppose 251 - 811 = -5*i. Suppose 11*h + 3132 = 38*h. Suppose 0 = -2*s - 3*q + h, -3*s + 5*s = -2*q + i. What is the units digit of s?
2
Let r = 461 + 136. What is the units digit of r?
7
Let n(x) = -x**2 + 3*x + 667. What is the hundreds digit of n(0)?
6
Suppose 0 = 14*h - 12*h - 22. Let d = h - 51. What is the tens digit of ((-99)/12)/(5/d)?
6
Let m(o) = -2*o - 13. Let n be m(-11). Let g(z) = -z**2 + 5*z + 5. Let v be g(n). Let l = -16 - v. What is the units digit of l?
5
Suppose 2*c - q - 1948 = 922, -5740 = -4*c + 5*q. What is the units digit of c?
5
Suppose 0 = 5*y + w + w + 2, -2*y + 2 = -2*w. Suppose 4*c - 200 + 60 = y. What is the tens digit of c?
3
Suppose 2*t + 15 - 57 = 3*a, 5*t + a - 88 = 0. Let j = t + 14. What is the tens digit of j?
3
Let r = 136 + -53. Suppose 227 - r = 2*n. What is the units digit of n?
2
Suppose 1229 = 2*j + 27*b - 26*b, -j + 5*b = -631. What is the hundreds digit of j?
6
Let m = -1 + 4. Let b(x) = -2*x + 4. Let o be b(m). Let r(f) = 6*f**2 - 2*f - 2. What is the tens digit of r(o)?
2
Let h(u) = 4*u**2 + 7*u + 51. What is the units digit of h(-13)?
6
Let h be (2 - 0) + -3 + -108. Let b = -78 - h. What is the tens digit of b?
3
What is the tens digit of (-29 - -23) + (512 - -2)?
0
Let p(u) = -u**2 - 14*u - 26. Let v be p(-15). Let x = v + 49. What is the units digit of x?
8
Suppose 2 = -k + 4. Suppose r + 0*r = -k*t + 10, 3*t + 3*r = 18. Suppose t*m = 138 + 62. What is the units digit of m?
0
Let r(l) = -11*l**3 + 7*l**2 + 11*l + 1. Let c(v) = -6*v**3 + 4*v**2 + 5*v. Let s(n) = -5*c(n) + 3*r(n). What is the tens digit of s(-3)?
6
Let t = 34 - -13. Suppose 3*r + 0*i - 2*i = t, -5*i - 46 = -2*r. Suppose g - r = 8. What is the units digit of g?
1
Suppose 0*w + w = -3, 484 = k - 2*w. What is the tens digit of k?
7
Suppose -v + 375 = c, -2*c = -v + 111 - 870. What is the hundreds digit of c?
3
Let w(c) = c**3 + 35*c**2 + 44*c - 63. What is the units digit of w(-21)?
7
Let t = 74 + -132. Let r = t - -100. What is the units digit of r?
2
What is the thousands digit of (1 + 19/(-7))/(22/(-19327))?
1
Let v be (1 + -1 + 0)*-1. Suppose 5*q + v*q = -45. Let l = q - -10. What is the units digit of l?
1
Let d(c) = c**2 - 8*c - 8. Let g be d(8). Let k = g + 40. Suppose 35 = 5*z - o, -4*o = -2*z - 0*z + k. What is the units digit of z?
6
Suppose -18*c - 1080 = 612. Let w = 127 + c. What is the units digit of w?
3
Suppose 21591 = 13*s - 36181. What is the thousands digit of s?
4
Let i(l) be the third derivative of 5/6*l**3 - 1/15*l**5 - 12*l**2 - 1/24*l**4 + 0*l - 1/120*l**6 + 0. What is the units digit of i(-4)?
9
Suppose 68*v + 256 = 70*v. Let n = v + -62. What is the units digit of n?
6
Let a(p) = -2*p**3 - 41*p**2 - 30*p - 7. What is the units digit of a(-20)?
3
Let g(f) = -f**3 - 13*f**2 - 15*f - 15. Suppose 403 = -p + 4*p + 5*h, -5*p - 5*h = -655. Let m be (p/(-35))/((-6)/(-20)). What is the units digit of g(m)?
1
Let n be (6/6)/((-2)/(-8)). Suppose -20 = -n*g, -4*w = -0*w - g - 187. What is the units digit of w?
8
Suppose -4*n = -51 - 9. Let k = n - 23. Let g(y) = -3*y - 15. What is the units digit of g(k)?
9
Let i(o) = -o**3 + 12*o**2 - 10*o + 9. Let n be i(9). Suppose -n - 372 = -6*q. What is the units digit of q?
9
Let g(o) = 33*o + 12. Let d = 35 + -32. What is the tens digit of g(d)?
1
Let u(n) = n**2 - 11*n - 14. Let y be u(12). Let p(s) = -2*s + 1 + 2 + 16*s**2 - 2 + 5*s. What is the tens digit of p(y)?
5
Let c be ((-44)/(-2))/(4 - 6). Let y = -5 - c. Suppose 3*w + 0*w = y. What is the units digit of w?
2
Suppose 5*a - 2*d = 2279 + 1100, 2021 = 3*a + 2*d. What is the hundreds digit of a?
6
Let o be 3*7/(42/(-4)). Let u be 48 - ((2 - o) + -1). Suppose 0*i - 5*i + 2*w + 144 = 0, 5*w - u = -i. What is the tens digit of i?
3
Suppose 4*m + 7448 = 5*u, -2*u + 6*u + 5*m - 5942 = 0. What is the units digit of u?
8
Let t(x) = x**2 + x - 3. Let c be t(-3). Suppose c*i + h = 104 - 25, 3*h - 69 = -3*i. Let m = i - 14. What is the units digit of m?
4
Suppose 0 = 2*w - 8, 5*k + 5*w - 5355 = -0*w. What is the tens digit of k?
6
Let z = -257 - -3653. What is the thousands digit of z?
3
Let j = 10 + -10. Suppose j = -4*m + 23 + 25. What is the units digit of m/(-54) - (-274)/18?
5
Suppose p - 4*p - 2*c + 550 = 0, -2*c = 2*p - 364. Suppose -58 = v - p. What is the tens digit of v?
2
Let b = -194 - -355. Let j = 5 + b. What is the tens digit of j?
6
Let o be 4/14 + 144/(-63) + 2. Suppose 0 = 4*z - o - 504. What is the units digit of z?
6
Suppose 2*b + 3*g = 6, -g + 8 = b + 3*g. Let n = 3 + b. Suppose 5*q - 4*z = -n*z + 76, 3*q - 47 = 2*z. What is the tens digit of q?
1
Let u = 202 - 195. Let b be 3*((-146)/(-6) + -1). Suppose 4 = -4*g, -3*g + b + u = 5*y. What is the tens digit of y?
1
What is the units digit of (-6)/(-4)*(-3 + 3875/3)?
3
Let x(m) = -m**3 + 10*m**2 + 3*m - 4. Let z